be o(-9). Suppose 2*b = -3*b + j. What are the prime factors of b?
157
Let t = 126 + -114. Suppose t*v = -6*v + 486. List the prime factors of v.
3
Suppose -14*v + 12*v = -98. Let l = -45 + v. Suppose 5*w - s = -l*s + 694, 0 = -5*w + 3*s + 676. List the prime factors of w.
137
Suppose 0 = 2*z + 7 - 9, 3*z - 4855 = -f. List the prime factors of f.
2, 1213
Let b = 1255 + 3657. Suppose 9*t - b = -1654. What are the prime factors of t?
2, 181
Let u(n) = 3666*n. Let g be u(-6). Let y be 4/(-22) - g/99. Suppose 3*j - y = -12. List the prime factors of j.
2, 5, 7
Suppose 7*d - q - 227 = 3*d, 194 = 3*d + 4*q. Let g = d - 48. Suppose 8*b = g*b - 328. What are the prime factors of b?
2, 41
Let h(o) be the second derivative of 0 - 15*o + 1/3*o**3 + 22*o**2. What are the prime factors of h(25)?
2, 47
Let k be (-17 - -16)*1*-37. Suppose 4*y - f - 133 = 0, -3*y = 4*f - k - 58. List the prime factors of y.
3, 11
Let h = 18 - 39. Let l = h - -23. Suppose 75 = q + o + l*o, 4*q - o = 365. List the prime factors of q.
2, 3, 5
Let q = -498 - -502. Suppose -971 = -2*y + 4*a - 3*a, q*y - 1921 = -5*a. List the prime factors of y.
2, 11
Let d(j) = 5*j**2 - 417*j + 714. List the prime factors of d(97).
2, 5, 17, 43
Let a = -42272 + 93129. What are the prime factors of a?
50857
Suppose 420124 = 26*r - 76060. List the prime factors of r.
2, 13, 367
Suppose -22749 = -12*u + 20595. List the prime factors of u.
2, 3, 7, 43
Let m(t) = -168*t - 54. Let v(l) = 82*l + 27. Let x(r) = -2*m(r) - 5*v(r). What are the prime factors of x(-3)?
3, 5, 13
Let r = 4947 - 2084. What are the prime factors of r?
7, 409
Let o = -209 + 216. What are the prime factors of (o - 3) + (-5 - -295)?
2, 3, 7
Suppose -961 + 20971 = 5*b. Suppose -b = 29*n - 35*n. List the prime factors of n.
23, 29
Suppose 0*f + 2*f + 4*n - 626 = 0, -4*f + 1245 = n. List the prime factors of f.
311
List the prime factors of (-185303)/(2*55/(-30)) - 4/22.
97, 521
Let s(w) = 4 - 1 - 4 + 2 + 33*w. Suppose -l + 4*l = 6. List the prime factors of s(l).
67
Suppose 0 = o - 4*o + 156. Let a = o - 47. Suppose 5*l - 82 = -n, a*n - 374 = -2*l - 79. List the prime factors of n.
3, 19
Suppose -1140*y = -1149*y + 48672. List the prime factors of y.
2, 13
Let a = -7507 - -11092. What are the prime factors of a?
3, 5, 239
Let i be ((-27)/15)/(-5 - (-44)/10). Suppose i*a = -5*z + 81, -5*a + 0*a + 57 = 4*z. List the prime factors of z.
2, 3
Let i be -2 - (0 - (58 + 2)). Let h = -51 + i. Suppose 88 = h*q - 6*q. What are the prime factors of q?
2, 11
List the prime factors of (24/36)/(((-3)/392)/(3078/(-24))).
2, 3, 7, 19
Let q be (12/10)/((-6)/(-20)). Let m(c) = -10*c + 110. Let l(i) = 2*i + 12. Let y(a) = 8*l(a) - m(a). List the prime factors of y(q).
2, 3, 5
Let n = 14350 - 8460. What are the prime factors of n?
2, 5, 19, 31
Let p = -24 - -30. Suppose 0 = 5*q - 3*u + p, 0 = -u - 0*u + 2. Suppose 150 = 6*v - q*v. List the prime factors of v.
5
Let k = 677 + -207. Suppose 4*c - 2*c = -k. Let g = c + 372. What are the prime factors of g?
137
Suppose -2*g - 1624 = n - 4*n, 1640 = 3*n + 2*g. Suppose -n = -2*k + 1498. List the prime factors of k.
1021
Suppose -63 = -2*z - z. Suppose z*j + 1185 = 26*j. List the prime factors of j.
3, 79
Let y = 855 + -89. Suppose 5*z = 2*c - 136 - 165, -z = 5*c - y. What are the prime factors of c?
3, 17
Let c = -42526 - -72292. List the prime factors of c.
2, 3, 11, 41
Suppose -6 = -2*i, 19*g - 18*g = -5*i + 15148. What are the prime factors of g?
37, 409
Let n be (-410)/16*-2*(-2 - 2). Let m = n + 343. Let x = m + -82. What are the prime factors of x?
2, 7
What are the prime factors of 225/100*-4*(-4)/(-72)*-75844?
2, 67, 283
Let l = 104654 + -72404. What are the prime factors of l?
2, 3, 5, 43
Suppose -5*w - 916 = -2741. Let q(i) = i**2 - 6 + w*i - 374*i + 4*i**2. List the prime factors of q(5).
2, 37
Let k be 9*(-8)/(-72) - -2*732. Let w = k + -892. List the prime factors of w.
3, 191
List the prime factors of (252/1)/(3/(9291/38)).
2, 3, 7, 163
Let z(c) = 148 - 152 + 36*c**2 - 6*c + 2*c. List the prime factors of z(4).
2, 139
Let n = 26 + -22. Suppose -4*r = g - 7, 49 = -5*g - n*r + 5*r. What are the prime factors of (0 + 1)/((-1)/g)?
3
Let w = 14 - -456. Suppose w = 2*g + 158. Suppose -482 = -3*i - 5*x, 2*i = 4*x + g + 180. List the prime factors of i.
2, 41
Let o(y) = -y**3 - 9*y**2 - 6. Let i be o(-9). Let c be 18/27 + (-104)/i. Suppose 0*v - 3*t + c = 3*v, -5*v = -4*t - 21. What are the prime factors of v?
5
Let n = 72 + -70. Let j be 0/(2/4*n). Suppose -4*g - 3*r + 479 = j, 5*g - r - 189 = 386. What are the prime factors of g?
2, 29
Suppose -5*t = -0*t + 135. Let s be t/(-4)*-1 - (-2)/(-8). What are the prime factors of 85/3 - s/(-21)?
2, 7
Suppose 22796 = 2*y - 5*u, 21*u - 12 = 18*u. What are the prime factors of y?
2, 23, 31
Let j = 22 - 12. Suppose -2*i = p + j, 3*p = 2*i - 2*p - 2. What are the prime factors of i*10/(-15)*12?
2
List the prime factors of (24645 + 5)/5 - 0.
2, 5, 17, 29
Let x(h) = 177*h + 688. What are the prime factors of x(13)?
7, 61
Suppose -2*l + 32845 + 7742 = -3*v, -5*l - 5*v + 101430 = 0. What are the prime factors of l?
3, 6763
Let m(a) = -6*a**2 - 102*a - 21. Let i(z) = 8*z**2 + 102*z + 22. Let d(l) = -4*i(l) - 5*m(l). What are the prime factors of d(26)?
3, 439
Suppose 0 = -2*a, -6*v = -4*v + 5*a + 6. Let m(s) = -442*s - 27. What are the prime factors of m(v)?
3, 433
Suppose -3*s + 5*o + 118946 = 0, -517*s + 515*s + o = -79295. List the prime factors of s.
41, 967
Let t be 7*(216/28 + -8). What are the prime factors of t + 989 + -8 + (-5)/1?
2, 487
Let p(h) = -3*h**3 + 14*h**2 - 26*h - 130. Let l = 409 - 415. What are the prime factors of p(l)?
2, 19, 31
Let j(u) = 2*u + 25. Let y be j(-9). Suppose -7*l - y + 21 = 0. Suppose -2*d - 2*f = -346, -2*f = -l*d - 0*f + 330. List the prime factors of d.
13
Suppose 5*i - 5*o - 9149 = 4*i, -3*i = -3*o - 27447. List the prime factors of i.
7, 1307
Let t be (39/(-4))/((-14)/74256). Let s be (-2)/(-5)*1 - t/(-90). Suppose 6*o - s = 145. List the prime factors of o.
2, 3, 5
Let c(x) = 609*x**3 + x**2 - 15*x + 17. Let a be c(2). Suppose 2*n - 3*o - 24 = 1917, 5*n + 3*o = a. What are the prime factors of n?
2, 3
Let h(k) be the first derivative of 21*k**3 - k**2/2 + 5*k + 47. What are the prime factors of h(2)?
3, 5, 17
Suppose -o + 5 = 0, -i - 136 = 2*i - 5*o. Let b = i - -42. Suppose t = q + 2*t - 46, -4*q + 166 = -b*t. List the prime factors of q.
2, 11
Suppose 2*o + 2*w = -34, 5*o = -4*w - 53 - 36. Let y be (1 + -2)/((-1)/o). Let n = 56 + y. List the prime factors of n.
5, 7
Suppose 3*i = 4*k + 16, 0*i = 3*k - 5*i + 12. What are the prime factors of (-3 - k - 0)*1535/5?
307
Let i(c) = -52*c - 20. Let x be i(-6). Suppose -p = r - x, 216 + 373 = 2*p - 3*r. Suppose 3 = 4*t - 1, -2*g + p = t. What are the prime factors of g?
2, 73
Suppose -g + 470 = -4*z, 0 = 5*g - g + 4*z - 1920. Suppose 2*h - g = -30. List the prime factors of h.
2, 7
Let k = 32043 + -12134. List the prime factors of k.
43, 463
Let n = -92 + 104. Suppose -n*x - 6*x + 20*x = 0. Suppose x*v = v - 139. What are the prime factors of v?
139
List the prime factors of (4/2*(-3)/(-6))/(48/1054896).
21977
Let u = 23 - -81. Let q be 3*-1 + u/(-2) + -2. Let v = q - -122. What are the prime factors of v?
5, 13
Suppose -7*w + 49335 = 5*b - 121089, 0 = 5*w - 2*b - 121698. List the prime factors of w.
2, 3, 4057
Let x(g) = 92*g + 563. List the prime factors of x(39).
7, 593
Let p be (-63875)/(-735) + 1 + (-38)/42. What are the prime factors of (1 + p)/(-4)*-22?
2, 11
Let y = -25613 + 48178. List the prime factors of y.
5, 4513
Suppose 14*q = -54 + 12. Let i(v) = -6*v - 16. Let x be i(q). Suppose -3*h = x*s - 268, s = -3*s - 4. What are the prime factors of h?
2, 3, 5
Let r be 5 - (0 - -2 - 2142). Suppose -5*w - 4*x - x = -r, 2145 = 5*w - 5*x. What are the prime factors of w?
3, 11, 13
Suppose -1261 = 6*x + 275. Let y = x + 358. List the prime factors of y.
2, 3, 17
Suppose 4*n + 6 = -7*n + 13*n. Suppose 0 = 2*s - s - 5, 5*s = -5*w + 35. Suppose -2*r = r + 5*j - 213, -n*r - w*j = -222. What are the prime factors of r?
2, 19
Suppose -150*s + 155*s - 5 = 0, -2*c - 2*s + 3180 = 0. What are the prime factors of c?
7, 227
Suppose 40*v - 31*v = 15687. Let m = -670 + v. List the prime